j(-14).
-44
Let v(j) = -20*j**2 - 358*j + 1480. Determine v(4).
-272
Let s(m) = -13254*m + 39767. Determine s(3).
5
Let h(c) = 3*c**3 - 5*c**2 + 678*c - 3526. Determine h(5).
114
Let j(u) = 150*u**2 + 566*u + 4. Give j(-4).
140
Let f(c) = -102235*c - 613398. Determine f(-6).
12
Let u(z) = z**2 - 15*z - 20. Give u(13).
-46
Let p(t) = t**3 - 129*t**2 + 3103*t + 66. Determine p(32).
34
Let n(q) = -221*q - 43295. Calculate n(-196).
21
Let r(l) = l**3 - 38*l**2 + 273*l - 1012. Calculate r(30).
-22
Let w(o) = -2*o**3 - 133*o**2 + 61*o - 1104. Calculate w(-67).
-702
Let h(a) = 43*a**2 + 12*a + 20. Determine h(-1).
51
Let v(h) = -h**3 + 47*h**2 - 195*h - 2136. What is v(41)?
-45
Let h(f) = -4*f**3 + 29*f**2 - 633*f + 5229. Give h(8).
-27
Let r(z) = -305*z**2 - 1555*z - 8. What is r(-6)?
-1658
Let s(j) = j**3 + 20*j**2 - 180*j + 11. Give s(10).
1211
Let t(l) = -3*l**3 + 23*l**2 - 21*l + 13. What is t(13)?
-2964
Let t(g) = g**3 - 89*g**2 + 160*g - 104. What is t(87)?
-1322
Let c(d) = d**2 - 18879*d + 188763. Calculate c(10).
73
Let k(u) = -u**2 + 1258*u + 491719. Give k(-313).
-4
Let o(x) = 84109*x - 2102756. Determine o(25).
-31
Let b(u) = -7382*u - 37350. Calculate b(-5).
-440
Let c(a) = -36315*a + 72615. Determine c(2).
-15
Let c(g) = 250*g**3 + 492*g**2 - 20*g - 5. What is c(-2)?
3
Let t(z) = -15625*z + 187785. What is t(12)?
285
Let a(j) = 81*j**3 + 257*j**2 + 54*j + 6. Give a(-3).
-30
Let t(d) = -d**3 + 125*d**2 + 6190*d + 573. Give t(163).
-79
Let x(n) = -23*n**3 - 1286*n**2 + 118*n + 330. Determine x(-56).
-6
Let s(j) = -47970*j + 15686192. What is s(327)?
2
Let b(f) = 640*f + 8973. Calculate b(-14).
13
Let o(d) = -11494*d + 8953849. What is o(779)?
23
Let n(b) = -3024*b - 57454. Give n(-19).
2
Let g(d) = 1921*d - 1026010. Calculate g(534).
-196
Let s(o) = 2527*o + 15140. What is s(-6)?
-22
Let m(v) = -8846*v + 15215114. What is m(1720)?
-6
Let g(r) = -4*r**3 - 72*r**2 + 619*r + 27. Determine g(-24).
-1005
Let t(n) = -15335*n - 2683619. Give t(-175).
6
Let y(p) = 2*p**3 - 74*p**2 - 2760*p + 7. Give y(60).
7
Let s(y) = -19*y**2 - 2242*y - 14698. What is s(-111)?
65
Let r(n) = n**3 + 27*n**2 + 132*n + 2809. Determine r(-26).
53
Let p(g) = -244*g**2 - 3818*g + 11456. Give p(3).
-2194
Let u(p) = 379*p + 743. Calculate u(-4).
-773
Let i(t) = -17*t**2 + 3473*t - 146151. What is i(145)?
9
Let b(z) = 53*z**3 + 15*z**2 + 586*z + 570. What is b(-1)?
-54
Let p(l) = -7089*l + 255180. What is p(36)?
-24
Let b(w) = -2229*w + 7743. Calculate b(4).
-1173
Let t(i) = -299*i + 12222. What is t(36)?
1458
Let u(t) = 25*t**3 - 3*t**2 - 536*t - 533. What is u(-1)?
-25
Let n(o) = 8*o - 387. Calculate n(-5).
-427
Let h(z) = 2192*z - 206180. Give h(94).
-132
Let x(u) = 6*u + 698. What is x(-49)?
404
Let y(j) = -222*j**3 - 4438*j**2 + 37*j - 35. Give y(-20).
25
Let h(d) = -d**3 - 70*d**2 + 99*d + 1863. Determine h(-71).
-125
Let x(w) = 466*w + 25. Give x(0).
25
Let q(w) = -392*w - 18339. What is q(-49)?
869
Let p(g) = -g**3 + 47*g**2 - 516*g + 1141. What is p(32)?
-11
Let b(l) = 58449*l + 175328. Give b(-3).
-19
Let y(n) = -n**2 - 66*n - 1024. What is y(0)?
-1024
Let r(k) = k**2 + 1164*k + 127111. What is r(-1042)?
-13
Let h(i) = -2*i**3 - 73*i**2 - 159*i + 10618. Give h(-23).
-8
Let l(h) = 314*h**2 - 16639*h - 122. Determine l(53).
37
Let a(w) = 1073*w - 48329. What is a(45)?
-44
Let v(n) = -1645*n**2 - 14*n + 18. Give v(1).
-1641
Let a(o) = -4682*o - 23340. Calculate a(-5).
70
Let d(x) = x**3 - 19*x**2 + 504*x - 8737. What is d(18)?
11
Let f(t) = -4*t**3 - 15*t**2 + 946*t - 3274. Determine f(4).
14
Let k(d) = -6*d**3 + 50*d**2 - 30*d + 246. What is k(10)?
-1054
Let f(g) = -4173*g - 592563. What is f(-142)?
3
Let a(r) = 6*r**3 - 549*r**2 + 5918*r + 560. Determine a(79).
7
Let v(q) = 1432*q + 157953. Give v(-110).
433
Let i(a) = 283*a**2 - 3431*a + 693. Calculate i(12).
273
Let c(z) = 2*z**3 - 336*z**2 - 1355*z - 3591. Determine c(172).
21
Let u(m) = 3*m**3 - 609*m**2 + 509*m - 103323. What is u(203)?
4
Let q(j) = -3*j**3 - 26*j**2 + 21*j + 98. Give q(-12).
1286
Let m(t) = 1372*t**2 - 20577*t - 34. What is m(15)?
11
Let m(s) = -6*s**3 - 238*s**2 + 741*s + 28. Give m(3).
-53
Let l(a) = -249*a - 100725. Determine l(-406).
369
Let t(g) = -2*g**3 - 38*g**2 + 7*g - 33. Give t(-11).
-2046
Let s(m) = -11*m**2 + 4852*m + 14324. Calculate s(444).
116
Let u(a) = -661*a - 44421. What is u(-67)?
-134
Let x(v) = 166040*v + 8800128. Determine x(-53).
8
Let o(c) = -2*c**3 - 22*c**2 + 214*c + 244. Give o(-17).
74
Let d(x) = -1907*x - 232610. What is d(-122)?
44
Let n(p) = -p**2 - 48394*p + 290401. What is n(6)?
1
Let f(i) = i**3 + 328*i**2 + 782*i + 42377. Determine f(-326).
-3
Let z(j) = 4*j**3 + 3966*j - 3965. Give z(1).
5
Let s(i) = 17*i**2 + 13401*i - 40378. Calculate s(3).
-22
Let v(x) = -12923*x - 142221. What is v(-11)?
-68
Let m(c) = -c**3 - 1064*c**2 - 10395*c + 1391. Determine m(-10).
-59
Let l(y) = -4*y**3 - 26*y**2 - 48*y - 19. Determine l(-4).
13
Let v(p) = -p**3 + 474*p**2 - 16974*p + 355. What is v(39)?
4
Let r(x) = 2*x**2 + 4942*x + 98168. Calculate r(-20).
128
Let m(o) = -33553*o + 1073616. Determine m(32).
-80
Let c(y) = y**3 + 98*y**2 - 182*y + 780. Determine c(-100).
-1020
Let p(d) = 7*d**2 + 1077*d + 4113. Calculate p(-150).
63
Let u(r) = -164*r + 8976. What is u(54)?
120
Let p(j) = -13875*j - 707634. Calculate p(-51).
-9
Let a(m) = -44237*m - 132873. Give a(-3).
-162
Let m(y) = -y**2 + 221*y - 700. Calculate m(0).
-700
Let y(x) = -5*x**2 - 1047*x - 9335. What is y(-9)?
-317
Let q(k) = k**2 + 3237*k - 78518. Calculate q(24).
-254
Let p(o) = 47*o**2 - 4848*o + 193. Calculate p(104).
4353
Let m(h) = -3817*h + 94699. Determine m(25).
-726
Let w(x) = 2*x**3 - 85*x**2 - 118*x + 3219. Determine w(43).
-6
Let l(i) = 661*i**2 - 113*i - 115. Give l(-1).
659
Let u(f) = -22*f**2 + 8541*f - 2387. Calculate u(388).
-447
Let l(c) = -c**3 + 240*c**2 - 2506*c - 3297. What is l(229)?
-320
Let h(m) = 8*m**2 + 841*m - 14276. Determine h(-120).
4
Let z(b) = -b**2 + 458*b - 44333. What is z(139)?
8
Let q(y) = 2*y**2 + 50*y - 19. Determine q(-15).
-319
Let f(h) = -h**2 - 2404*h - 1222057. Determine f(-730).
-37
Let w(z) = 41*z**2 + 71*z + 105. Give w(-1).
75
Let r(z) = z**3 + 24*z**2 - 516*z - 874. Determine r(14).
-650
Let k(q) = q**3 - 13*q**2 + 10*q - 124. Determine k(15).
476
Let g(r) = r**3 + 192*r**2 - 4702*r - 123. Give g(22).
9
Let n(b) = b**3 - 147*b**2 + 2647*b + 516. Give n(126).
642
Let i(l) = l**3 - 89*l**2 - 535*l - 13279. Determine i(96).
-127
Let a(n) = n**3 - 107*n**2 - 381*n + 41122. What is a(107)?
355
Let u(l) = -l**2 + 354*l - 28857. What is u(232)?
-553
Let s(y) = -y**3 - 48*y**2 - 257*y + 264. What is s(-8)?
-240
Let c(n) = -10*n**3 - 738*n**2 + 114*n + 50967. What is c(-73)?
13
Let f(x) = 14*x**3 + 20*x**2 + 111*x + 626. Calculate f(-6).
-2344
Let c(m) = 133*m + 22794. Determine c(-203).
-4205
Let c(h) = -115*h**2 - 6395*h - 13. Determine c(-55).
3837
Let o(y) = y**3 + 73*y**2 - 2568*y - 34528. Give o(-96).
32
Let b(p) = 2*p**2 - 945*p + 82711. Determine b(116).
3
Let y(x) = 180593*x + 5417785. Determine y(-30).
-5
Let o(x) = -x**3 - 151*x**2 + 1440*x + 580. Determine o(-160).
580
Let f(u) = u**2 - 863*u - 7923. What is f(-9)?
-75
Let o(q) = -2419*q - 1980. What is o(-1)?
439
Let r(j) = 64*j**2 + 827*j - 3328. Calculate r(4).
1004
Let v(p) = 26120*p - 4205304. Determine v(161).
16
Let y(p) = -45*p**2 + 3219*p - 4834. Give y(70).
-4
Let c(m) = 3912*m + 128866. Give c(-33).
-230
Let m(k) = -609*k**3 + 2*k**2 - 116*k - 117. Determine m(-1).
610
Let a(p) = -9928*p - 1241057. Give a(-125).
-57
Let h(f) = 4603*f - 4582. Give h(1).
21
Let k(m) = 5*m**2 - 1190*m + 27563. Give k(212).
3
Let q(b) = -18476*b - 15556806. Calculate q(-842).
-14
Let x(v) = 18*v**3 + 538*v**2 - 36*v - 241. Determine x(-30).
-961
Let j(a) = 457*a + 32397. Give j(-70).
407
Let r(y) = 7*y**3 + 431*y**2 - 195*y - 649. Calculate r(-62).
-91
Let n(c) = 345*c**2 - c + 1939. Calculate n(0).
1939
Let d(h) = -h**3 - 84*h**2 + 280*h + 9151. What is d(-86)?
-137
Let i(s) = -820*s + 83657. Give i(102).
17
Let v(w) = 119921*w - 239896. What is v(2)?
-54
Let w(s) = -12*s**2 + 941*s - 898. Calculate w(1).
31
Let f(b) = 3155*b + 9459. What is f(-3)?
-6
Let k(h) = -2*h**3 + 584*h**2 + 6670*h - 1222. Determine